{"id":75,"date":"2023-02-03T18:11:26","date_gmt":"2023-02-03T18:11:26","guid":{"rendered":"https:\/\/teszt2.gepforg18.hu\/?page_id=75"},"modified":"2023-11-18T18:27:43","modified_gmt":"2023-11-18T18:27:43","slug":"besuto-femek-din16903","status":"publish","type":"page","link":"https:\/\/teszt2.gepforg18.hu\/?page_id=75","title":{"rendered":"Bes\u00fct\u0151 f\u00e9mek DIN16903"},"content":{"rendered":"\t\t<div data-elementor-type=\"wp-page\" data-elementor-id=\"75\" class=\"elementor elementor-75\">\n\t\t\t\t\t\t\t\t\t<section class=\"elementor-section elementor-top-section elementor-element elementor-element-2f20a46 elementor-section-boxed elementor-section-height-default elementor-section-height-default\" data-id=\"2f20a46\" data-element_type=\"section\">\n\t\t\t\t\t\t<div class=\"elementor-container elementor-column-gap-default\">\n\t\t\t\t\t<div class=\"elementor-column elementor-col-100 elementor-top-column elementor-element elementor-element-b342256\" data-id=\"b342256\" data-element_type=\"column\">\n\t\t\t<div class=\"elementor-widget-wrap elementor-element-populated\">\n\t\t\t\t\t\t\t\t<div class=\"elementor-element elementor-element-f56cb25 elementor-arrows-position-inside elementor-pagination-position-outside elementor-widget elementor-widget-image-carousel\" data-id=\"f56cb25\" data-element_type=\"widget\" data-settings=\"{&quot;slides_to_show&quot;:&quot;1&quot;,&quot;navigation&quot;:&quot;both&quot;,&quot;autoplay&quot;:&quot;yes&quot;,&quot;pause_on_hover&quot;:&quot;yes&quot;,&quot;pause_on_interaction&quot;:&quot;yes&quot;,&quot;autoplay_speed&quot;:5000,&quot;infinite&quot;:&quot;yes&quot;,&quot;effect&quot;:&quot;slide&quot;,&quot;speed&quot;:500}\" data-widget_type=\"image-carousel.default\">\n\t\t\t\t<div class=\"elementor-widget-container\">\n\t\t\t<style>\/*! elementor - v3.10.2 - 29-01-2023 *\/\n.elementor-widget-image-carousel .swiper-container{position:static}.elementor-widget-image-carousel .swiper-container .swiper-slide figure{line-height:inherit}.elementor-widget-image-carousel .swiper-slide{text-align:center}.elementor-image-carousel-wrapper:not(.swiper-container-initialized) .swiper-slide{max-width:calc(100% \/ var(--e-image-carousel-slides-to-show, 3))}<\/style>\t\t<div class=\"elementor-image-carousel-wrapper swiper-container\" dir=\"ltr\">\n\t\t\t<div class=\"elementor-image-carousel swiper-wrapper\">\n\t\t\t\t\t\t\t\t<div class=\"swiper-slide\"><figure class=\"swiper-slide-inner\"><img decoding=\"async\" class=\"swiper-slide-image\" src=\"https:\/\/teszt2.gepforg18.hu\/wp-content\/uploads\/elementor\/thumbs\/IMG_0255-scaled-q1mojbxnmdn21st9jv3s6i0ho7y2y7zrem061yh6y8.jpg\" alt=\"IMG_0255\" \/><\/figure><\/div>\t\t\t<\/div>\n\t\t\t\t\t<\/div>\n\t\t\t\t<\/div>\n\t\t\t\t<\/div>\n\t\t\t\t\t<\/div>\n\t\t<\/div>\n\t\t\t\t\t\t\t<\/div>\n\t\t<\/section>\n\t\t\t\t<section class=\"elementor-section elementor-top-section elementor-element elementor-element-2b79a2c elementor-section-boxed elementor-section-height-default elementor-section-height-default\" data-id=\"2b79a2c\" data-element_type=\"section\">\n\t\t\t\t\t\t<div class=\"elementor-container elementor-column-gap-default\">\n\t\t\t\t\t<div class=\"elementor-column elementor-col-100 elementor-top-column elementor-element elementor-element-c521419\" data-id=\"c521419\" data-element_type=\"column\">\n\t\t\t<div class=\"elementor-widget-wrap elementor-element-populated\">\n\t\t\t\t\t\t\t\t<div class=\"elementor-element elementor-element-c7b2580 elementor-widget elementor-widget-heading\" data-id=\"c7b2580\" data-element_type=\"widget\" data-widget_type=\"heading.default\">\n\t\t\t\t<div class=\"elementor-widget-container\">\n\t\t\t<style>\/*! elementor - v3.10.2 - 29-01-2023 *\/\n.elementor-heading-title{padding:0;margin:0;line-height:1}.elementor-widget-heading .elementor-heading-title[class*=elementor-size-]>a{color:inherit;font-size:inherit;line-height:inherit}.elementor-widget-heading .elementor-heading-title.elementor-size-small{font-size:15px}.elementor-widget-heading .elementor-heading-title.elementor-size-medium{font-size:19px}.elementor-widget-heading .elementor-heading-title.elementor-size-large{font-size:29px}.elementor-widget-heading .elementor-heading-title.elementor-size-xl{font-size:39px}.elementor-widget-heading .elementor-heading-title.elementor-size-xxl{font-size:59px}<\/style><h2 class=\"elementor-heading-title elementor-size-default\">Bes\u00fct\u0151f\u00e9mek DIN 16903<\/h2>\t\t<\/div>\n\t\t\t\t<\/div>\n\t\t\t\t\t<\/div>\n\t\t<\/div>\n\t\t\t\t\t\t\t<\/div>\n\t\t<\/section>\n\t\t\t\t<section class=\"elementor-section elementor-top-section elementor-element elementor-element-016e308 elementor-section-boxed elementor-section-height-default elementor-section-height-default\" data-id=\"016e308\" data-element_type=\"section\">\n\t\t\t\t\t\t<div class=\"elementor-container elementor-column-gap-default\">\n\t\t\t\t\t<div class=\"elementor-column elementor-col-100 elementor-top-column elementor-element elementor-element-72a9c2d\" data-id=\"72a9c2d\" data-element_type=\"column\">\n\t\t\t<div class=\"elementor-widget-wrap elementor-element-populated\">\n\t\t\t\t\t\t\t\t<section class=\"elementor-section elementor-inner-section elementor-element elementor-element-6523062 elementor-section-boxed elementor-section-height-default elementor-section-height-default\" data-id=\"6523062\" data-element_type=\"section\">\n\t\t\t\t\t\t<div class=\"elementor-container elementor-column-gap-default\">\n\t\t\t\t\t<div class=\"elementor-column elementor-col-50 elementor-inner-column elementor-element elementor-element-9eb90b1\" data-id=\"9eb90b1\" data-element_type=\"column\">\n\t\t\t<div class=\"elementor-widget-wrap elementor-element-populated\">\n\t\t\t\t\t\t\t\t<div class=\"elementor-element elementor-element-59316d4 elementor-widget elementor-widget-text-editor\" data-id=\"59316d4\" data-element_type=\"widget\" data-widget_type=\"text-editor.default\">\n\t\t\t\t<div class=\"elementor-widget-container\">\n\t\t\t<style>\/*! elementor - v3.10.2 - 29-01-2023 *\/\n.elementor-widget-text-editor.elementor-drop-cap-view-stacked .elementor-drop-cap{background-color:#818a91;color:#fff}.elementor-widget-text-editor.elementor-drop-cap-view-framed .elementor-drop-cap{color:#818a91;border:3px solid;background-color:transparent}.elementor-widget-text-editor:not(.elementor-drop-cap-view-default) .elementor-drop-cap{margin-top:8px}.elementor-widget-text-editor:not(.elementor-drop-cap-view-default) .elementor-drop-cap-letter{width:1em;height:1em}.elementor-widget-text-editor .elementor-drop-cap{float:left;text-align:center;line-height:1;font-size:50px}.elementor-widget-text-editor .elementor-drop-cap-letter{display:inline-block}<\/style>\t\t\t\t<p>A m\u0171anyag- \u00e9s \u00f6nt\u0151iparban gyakran van sz\u00fcks\u00e9g menetes perselyekre (menetes h\u00fcvelyek, menetes bet\u00e9tek, bet\u00e9tany\u00e1k). \u00dcgyfeleink ig\u00e9nyeinek \u00e9s a DIN 16903 szabv\u00e1nynak megfelel\u0151en dolgozunk.<\/p><p><br><\/p>\n<p><\/p>\n<p>Sok esetben a DIN<u> <\/u>16<span style=\"color: var( --e-global-color-secondary );\">903 k\u00f6vetelm\u00e9nyeinek megfelel\u0151, szabv\u00e1nyos perselyeink haszn\u00e1lhat\u00f3k az egyedi gy\u00e1rt\u00e1s\u00fa, dr\u00e1ga fajt\u00e1k helyett.&nbsp;<\/span><\/p>\n<p><br><\/p>\t\t\t\t\t\t<\/div>\n\t\t\t\t<\/div>\n\t\t\t\t\t<\/div>\n\t\t<\/div>\n\t\t\t\t<div class=\"elementor-column elementor-col-50 elementor-inner-column elementor-element elementor-element-abb150d\" data-id=\"abb150d\" data-element_type=\"column\">\n\t\t\t<div class=\"elementor-widget-wrap elementor-element-populated\">\n\t\t\t\t\t\t\t\t<div class=\"elementor-element elementor-element-1f141bd elementor-widget elementor-widget-image\" data-id=\"1f141bd\" data-element_type=\"widget\" data-widget_type=\"image.default\">\n\t\t\t\t<div class=\"elementor-widget-container\">\n\t\t\t<style>\/*! elementor - v3.10.2 - 29-01-2023 *\/\n.elementor-widget-image{text-align:center}.elementor-widget-image a{display:inline-block}.elementor-widget-image a img[src$=\".svg\"]{width:48px}.elementor-widget-image img{vertical-align:middle;display:inline-block}<\/style>\t\t\t\t\t\t\t\t\t\t\t\t<img loading=\"lazy\" decoding=\"async\" width=\"667\" height=\"374\" src=\"https:\/\/teszt2.gepforg18.hu\/wp-content\/uploads\/2023\/02\/E-removebg-preview-1.png\" class=\"attachment-large size-large wp-image-227\" alt=\"\" srcset=\"https:\/\/teszt2.gepforg18.hu\/wp-content\/uploads\/2023\/02\/E-removebg-preview-1.png 667w, https:\/\/teszt2.gepforg18.hu\/wp-content\/uploads\/2023\/02\/E-removebg-preview-1-300x168.png 300w\" sizes=\"auto, (max-width: 667px) 100vw, 667px\" \/>\t\t\t\t\t\t\t\t\t\t\t\t\t\t\t<\/div>\n\t\t\t\t<\/div>\n\t\t\t\t\t<\/div>\n\t\t<\/div>\n\t\t\t\t\t\t\t<\/div>\n\t\t<\/section>\n\t\t\t\t\t<\/div>\n\t\t<\/div>\n\t\t\t\t\t\t\t<\/div>\n\t\t<\/section>\n\t\t\t\t<section class=\"elementor-section elementor-top-section elementor-element elementor-element-009e949 elementor-section-boxed elementor-section-height-default elementor-section-height-default\" data-id=\"009e949\" data-element_type=\"section\">\n\t\t\t\t\t\t<div class=\"elementor-container elementor-column-gap-default\">\n\t\t\t\t\t<div class=\"elementor-column elementor-col-100 elementor-top-column elementor-element elementor-element-321b59a\" data-id=\"321b59a\" data-element_type=\"column\">\n\t\t\t<div class=\"elementor-widget-wrap elementor-element-populated\">\n\t\t\t\t\t\t\t\t<div class=\"elementor-element elementor-element-455240e elementor-widget elementor-widget-embedpres_elementor\" data-id=\"455240e\" data-element_type=\"widget\" data-widget_type=\"embedpres_elementor.default\">\n\t\t\t\t<div class=\"elementor-widget-container\">\n\t\t\t\n\t\t<div class=\"embedpress-elements-wrapper  \" id=\"ep-elements-id-455240e\">\n\t\t\t<iframe src=\"https:\/\/teszt2.gepforg18.hu\/?page_id=356\" name=\"besut\u0151\" scrolling=\"No\"  \"width=100% height=2400px<\/iframe>\t\t<\/div>\n\n\n\t\t\n\t\t<\/div>\n\t\t\t\t<\/div>\n\t\t\t\t\t<\/div>\n\t\t<\/div>\n\t\t\t\t\t\t\t<\/div>\n\t\t<\/section>\n\t\t\t\t\t\t\t<\/div>\n\t\t","protected":false},"excerpt":{"rendered":"<p>Bes\u00fct\u0151f\u00e9mek DIN 16903 A m\u0171anyag- \u00e9s \u00f6nt\u0151iparban gyakran van sz\u00fcks\u00e9g menetes perselyekre (menetes h\u00fcvelyek, menetes bet\u00e9tek, bet\u00e9tany\u00e1k). \u00dcgyfeleink ig\u00e9nyeinek \u00e9s a DIN 16903 szabv\u00e1nynak megfelel\u0151en dolgozunk. Sok esetben a DIN 16903 k\u00f6vetelm\u00e9nyeinek megfelel\u0151, szabv\u00e1nyos perselyeink haszn\u00e1lhat\u00f3k az egyedi gy\u00e1rt\u00e1s\u00fa, dr\u00e1ga fajt\u00e1k helyett.&nbsp;<\/p>\n","protected":false},"author":1,"featured_media":0,"parent":0,"menu_order":0,"comment_status":"closed","ping_status":"closed","template":"elementor_header_footer","meta":{"footnotes":""},"class_list":["post-75","page","type-page","status-publish","hentry"],"_links":{"self":[{"href":"https:\/\/teszt2.gepforg18.hu\/index.php?rest_route=\/wp\/v2\/pages\/75","targetHints":{"allow":["GET"]}}],"collection":[{"href":"https:\/\/teszt2.gepforg18.hu\/index.php?rest_route=\/wp\/v2\/pages"}],"about":[{"href":"https:\/\/teszt2.gepforg18.hu\/index.php?rest_route=\/wp\/v2\/types\/page"}],"author":[{"embeddable":true,"href":"https:\/\/teszt2.gepforg18.hu\/index.php?rest_route=\/wp\/v2\/users\/1"}],"replies":[{"embeddable":true,"href":"https:\/\/teszt2.gepforg18.hu\/index.php?rest_route=%2Fwp%2Fv2%2Fcomments&post=75"}],"version-history":[{"count":211,"href":"https:\/\/teszt2.gepforg18.hu\/index.php?rest_route=\/wp\/v2\/pages\/75\/revisions"}],"predecessor-version":[{"id":1109,"href":"https:\/\/teszt2.gepforg18.hu\/index.php?rest_route=\/wp\/v2\/pages\/75\/revisions\/1109"}],"wp:attachment":[{"href":"https:\/\/teszt2.gepforg18.hu\/index.php?rest_route=%2Fwp%2Fv2%2Fmedia&parent=75"}],"curies":[{"name":"wp","href":"https:\/\/api.w.org\/{rel}","templated":true}]}}